t 4ecc (base 16) to base 15.
5e9c
-13047 (base 10) to base 14
-4a7d
What is -139 (base 11) in base 13?
-c7
10102020012 (base 3) to base 8
203243
What is -7f8 (base 16) in base 10?
-2040
Convert 1442 (base 7) to base 14.
2c9
Convert -1ad4 (base 15) to base 8.
-13300
-1720 (base 8) to base 7
-2563
What is 13d (base 14) in base 2?
11111011
What is -22022003 (base 4) in base 12?
-200ab
-1442 (base 6) to base 16
-182
-2291 (base 10) to base 9
-3125
2600 (base 7) to base 12
698
-9e6 (base 15) to base 6
-14213
Convert 86 (base 9) to base 13.
60
What is -320013 (base 4) in base 3?
-11221000
What is 24b90 (base 13) in base 4?
100210232
Convert 1122210120 (base 3) to base 15.
9a23
Convert -22330031 (base 4) to base 16.
-af0d
Convert -15cd (base 15) to base 7.
-16453
What is -3da (base 15) in base 2?
-1101110000
167 (base 10) to base 5
1132
Convert -1d4 (base 14) to base 3.
-112011
What is -3232000 (base 4) in base 11?
-10498
-2867 (base 16) to base 9
-15162
What is 35112 (base 7) in base 12?
5240
What is ab6 (base 14) in base 15?
965
Convert 7b5 (base 12) to base 7.
3224
327 (base 15) to base 6
3144
c213 (base 14) to base 8
101071
-122b (base 13) to base 9
-3467
833 (base 9) to base 7
1656
What is 11230 (base 8) in base 11?
3638
-3277 (base 12) to base 10
-5563
Convert 7d6b (base 16) to base 3.
1122001011
Convert -5545 (base 9) to base 2.
-111111111011
121212 (base 3) to base 16
1c7
Convert -21634 (base 9) to base 4.
-3200200
Convert -220100 (base 3) to base 14.
-34d
61b (base 12) to base 9
1185
Convert -27 (base 8) to base 9.
-25
Convert 1017 (base 10) to base 11.
845
Convert -30203 (base 4) to base 6.
-3415
What is 15153 (base 7) in base 8?
10153
What is 84c6 (base 14) in base 16?
597e
-123152 (base 7) to base 11
-16089
What is d0c (base 16) in base 10?
3340
What is -4040 (base 5) in base 2?
-1000001000
What is -1200021 (base 3) in base 12?
-85a
-b001 (base 12) to base 2
-100101001000001
What is 8c1a (base 13) in base 5?
1112002
What is -2200 (base 12) in base 7?
-13626
Convert 103303 (base 4) to base 7.
3460
What is -1853 (base 9) in base 3?
-1221210
Convert 10752 (base 8) to base 5.
121321
-1c97 (base 16) to base 8
-16227
What is 23c5 (base 15) in base 16?
1dba
What is 2544 (base 8) in base 3?
1220010
Convert 23404 (base 5) to base 2.
11011000001
436 (base 8) to base 4
10132
Convert 57d1 (base 15) to base 14.
6b1c
155053 (base 7) to base 15
90ca
What is -295 (base 12) in base 15?
-1bb
What is 1021 (base 7) in base 9?
437
Convert -18a (base 13) to base 2.
-100011011
-3273 (base 16) to base 12
-7583
Convert -40600 (base 7) to base 2.
-10011010101010
Convert 730c (base 16) to base 4.
13030030
What is 2401 (base 6) in base 3?
210101
-4142 (base 5) to base 13
-331
Convert -3343 (base 6) to base 16.
-30f
Convert 203 (base 7) to base 12.
85
-321131 (base 4) to base 10
-3677
What is -11102132 (base 4) in base 8?
-52236
Convert 1552112 (base 6) to base 16.
1694c
53d (base 16) to base 13
7c2
What is 5432 (base 6) in base 5?
14434
What is -3021232 (base 4) in base 12?
-757a
Convert -6112 (base 7) to base 13.
-c6a
What is 101101101 (base 2) in base 12?
265
Convert 4a (base 14) to base 12.
56
Convert 10021203 (base 4) to base 12.
9a03
Convert 6164 (base 10) to base 4.
1200110
What is 11010 (base 2) in base 6?
42
112361 (base 8) to base 4
21103301
1011010010001 (base 2) to base 6
42425
-1245 (base 7) to base 14
-25c
Convert -844 (base 9) to base 10.
-688
What is 31761 (base 11) in base 8?
132130
What is 28e6 (base 16) in base 4?
2203212
22322 (base 11) to base 16
7e4b
-3c11 (base 13) to base 9
-12752
20113010 (base 4) to base 15
a22e
Convert -4a21 (base 13) to base 2.
-10100100001001
Convert -40370 (base 8) to base 5.
-1013012
1cdd7 (base 14) to base 12
36a55
What is 330303 (base 4) in base 12?
2303
What is -1630a (base 12) in base 11?
-21779
What is 314 (base 6) in base 3?
11101
Convert -100110112 (base 3) to base 6.
-51535
What is -10100111000 (base 2) in base 15?
-5e1
Convert -11011100 (base 3) to base 7.
-11562
Convert -129 (base 16) to base 12.
-209
Convert -1011000 (base 2) to base 15.
-5d
-1313 (base 12) to base 5
-32200
What is -4180 (base 9) in base 7?
-11643
867 (base 10) to base 14
45d
What is -59 (base 15) in base 4?
-1110
-a9a (base 11) to base 7
-3563
Convert 142125 (base 7) to base 11.
19456
What is 52de (base 16) in base 3?
1002002201
-724 (base 12) to base 10
-1036
Convert 5de (base 16) to base 7.
4244
-13f (base 16) to base 3
-102211
Convert 1804 (base 14) to base 7.
15404
Convert 413 (base 7) to base 4.
3032
Convert 4d8 (base 14) to base 12.
692
12a2 (base 15) to base 8
7611
Convert 5011 (base 10) to base 8.
11623
166 (base 8) to base 10
118
What is -14941 (base 11) in base 4?
-11021223
Convert 93 (base 11) to base 3.
10210
-b7 (base 12) to base 7
-256
Convert -1b7c (base 14) to base 8.
-11622
What is 15b7 (base 15) in base 2?
1001001000000
Convert -498 (base 10) to base 14.
-278
What is -422202 (base 6) in base 8?
-102632
10034323 (base 5) to base 13
2a8b1
2f4 (base 16) to base 2
1011110100
Convert 110100110010 (base 2) to base 8.
6462
What is 102102011 (base 3) in base 7?
33154
Convert -30520 (base 8) to base 4.
-3011100
-1010011011101 (base 2) to base 11
-4016
-24945 (base 11) to base 8
-105640
-622 (base 10) to base 14
-326
Convert 5137 (base 13) to base 6.
123504
What is -40 (base 14) in base 9?
-62
Convert 33243 (base 5) to base 16.
913
Convert 5b2 (base 15) to base 8.
2414
What is -18 (base 15) in base 8?
-27
What is -323 (base 10) in base 3?
-102222
-1451 (base 6) to base 4
-12013
Convert -1560 (base 11) to base 15.
-8d7
Convert 165 (base 15) to base 6.
1252
-40a (base 14) to base 15
-37e
What is 20437 (base 8) in base 11?
6409
1011100010011000 (base 2) to base 7
254526
Convert 14454 (base 6) to base 7.
6550
2302 (base 8) to base 15
563
What is 25343 (base 6) in base 12?
2253
Convert -2112001102 (base 3) to base 6.
-1021402
Convert 364 (base 7) to base 3.
21011
What is -1639 (base 10) in base 4?
-121213
Convert 10120120 (base 3) to base 15.
b8c
Convert 2550 (base 8) to base 7.
4015
31 (base 5) to base 15
11
What is -87 (base 12) in base 16?
-67
-1981 (base 15) to base 10
-5521
381 (base 12) to base 2
1000010001
-3451 (base 12) to base 9
-7877
What is -33c0 (base 15) in base 10?
-10980
Convert -1724 (base 11) to base 2.
-100010011100
Convert 1552 (base 10) to base 3.
2010111
What is -30002 (base 4) in base 16?
-302
What is 16a (base 14) in base 16?
122
2872 (base 10) to base 5
42442
Convert 100000100001 (base 2) to base 9.
2762
What is 5060 (base 7) in base 14?
8d7
What is 120110002 (base 3) in base 9?
16402
What is 106565 (base 7) in base 2?
100101011010101
-495 (base 10) to base 8
-757
Convert -78 (base 13) to base 4.
-1203
-1212011211 (base 3) to base 6
-441204
-13212122 (base 4) to base 10
-31130
What is 120200112 (base 3) in base 15?
35c5
Convert -121110 (base 5) to base 16.
-11b2
-100101001000101 (base 2) to base 15
-5978
What is -d4 (base 16) in base 13?
-134
Convert -adb (base 15) to base 12.
-1508
134 (base 16) to base 2
100110100
What is -d033 (base 14) in base 10?
-35717
Convert 9315 (base 11) to base 7.
51013
Convert 20031 (base 4) to base 9.
643
Convert 441133 (base 5) to base 16.
3b40
44aa2 (base 11) to base 6
1221522
Convert b22 (base 13) to base 4.
131133
What is -1100100000 (base 2) in base 4?
-30200
1100011101010 (base 2) to base 11
4879
What is 3000 (base 6) in base 12?
460
Convert 1210 (base 11) to base 6.
11200
Convert -1001101100101 (base 2) to base 14.
-1b49
What is -573 (base 15) in base 2?
-10011010001
2818 (base 10) to base 3
10212101
Convert -303a (base 12) to base 13.
-24c4
What is -1c83 (base 13) in base 15?
-143c
-551 (base 11) to base 2
-1010010101
What is -827 (base 12) in base 5?
-14213
Convert -11c0 (base 14) to base 13.
-1551
607 (base 9) to base 6
2141
What is -617 (base 9) in base 13?
-2c8
-30121 (base 5) to base 14
-9a7
13800 (base 14) to base 15
e446
11 (base 10) to base 16
b
Convert 365c (base 13) to base 6.
55322
Convert -3de7 (base 16) to base 12.
-9207
What is -3525 (base 10) in base 9?
-4746
Convert 3a6a (base 13) to base 7.
33254
Convert 1223130 (base 4) to base 16.
1adc
What is -447 (base 15) in base 9?
-1284
168 (base 9) to base 2
10001111
-2c5 (base 14) to base 8
-1065
Convert -1000000